tors of (-2 - 138/(-15))/((-18)/g)?
2, 3
What are the prime factors of ((-8)/18)/(100/(-450)) - (-2631 - -2)?
3, 877
Let o = 204068 + -141622. What are the prime factors of o?
2, 31223
Suppose t - 5*a - 21960 = 0, 29*a = 3*t + 33*a - 65975. List the prime factors of t.
5, 4397
Let m(p) = 80 + 7*p - 4*p + 0*p. Let v = 1461 - 1461. What are the prime factors of m(v)?
2, 5
Let v be (-2)/(-3)*(36/8)/3. Let d be v*(1 + 2 + 0). Suppose 2*k = -2*g + 238, 5*g = d*g + 6. What are the prime factors of k?
2, 29
Let b = 20801 - 11067. List the prime factors of b.
2, 31, 157
Suppose -2*c + 30480 = 2*d, 0 = d + 5*c - 15263 + 27. What are the prime factors of d?
15241
Let z(l) = l + 216 + 6*l - 4*l + 5*l. List the prime factors of z(-19).
2
Suppose 2*c - 3*s = -608, 38*c = 34*c + s - 1216. Let i = 514 - c. What are the prime factors of i?
2, 409
Suppose 9*g - 7428 = -2766. Let f = g + -182. What are the prime factors of f?
2, 3, 7
Suppose -5*q = -147 + 37. Suppose -7980 = -24*r - 14*r. Let u = r + q. What are the prime factors of u?
2, 29
Let y = 213 - 215. List the prime factors of 22*(y/(-8) - 1617/(-44)).
2, 11, 37
Suppose -4*f = -367 - 361. Suppose 0 = -8*j + j - f. List the prime factors of ((-533)/j)/(1/6).
3, 41
Suppose -3*b = 5*y - 87, -2*y - 6*b = -2*b - 46. Suppose -y*p + 3*z + 1492 = -11*p, 0 = -3*p - z + 1119. What are the prime factors of p?
373
Let x be (-1 - 54/(-4)) + 3/2. Suppose -x*z + 3947 = 153. List the prime factors of z.
271
Let z(i) = i**2 - 9*i - 19. Let j be z(11). Suppose -o - 51 = -3*h, 20 = 3*h + j*o - 19. What are the prime factors of h?
2
Let i = 7 + -40. Let d = i - -35. Suppose -y + 232 = -h - d*h, -5*y + 2*h = -1160. List the prime factors of y.
2, 29
Let a(d) = -d**3 - 19*d**2 - 15*d - 6. Let f be a(-18). Let q = -114 - -251. Let j = f + q. List the prime factors of j.
7, 11
Let f(p) = -5*p + 200. Let a be f(0). Let y = 549 - a. List the prime factors of y.
349
Let w(v) = -94*v - 3. Let f(b) = -654*b - 23. Let k(g) = -2*f(g) + 15*w(g). Suppose -5*y = 3*u - 17, -2*y - 16 = 4*u - 5*y. What are the prime factors of k(u)?
103
Let i = 190 - 187. What are the prime factors of 399/(-42)*i*2/(-3)?
19
List the prime factors of 148191190/3667 + 4/(-38).
2, 10103
List the prime factors of (-1)/(8 + (1149360/(-17958))/8).
41, 73
Let f be (0/6 + 1)*-2489. What are the prime factors of f/(-3) + 60/(-36)?
2, 3, 23
What are the prime factors of (-1)/((225/(-499530))/15)?
2, 16651
Let t(h) = -207*h**2 + 3*h - 2. Let k be t(1). Let r = 928 + k. What are the prime factors of r?
2, 19
Let k(g) = 14014*g**2 + 143*g + 145. What are the prime factors of k(-1)?
2, 3, 73
Let d(a) = 3*a**3 + 2*a**2 + a - 2. Let c be d(1). Suppose -3*j = -4*h - 2, c*h - 5*j = 1 - 7. List the prime factors of 0/h + (11 + -5 - -2).
2
Let c = 28857 + -10091. List the prime factors of c.
2, 11, 853
Let j(n) = -n**2 - 22*n + 61. Let l be j(-23). Suppose 36*w + 2154 = l*w. List the prime factors of w.
3, 359
Let a(s) = 4*s**2 - 46*s - 10. Let k(n) = n**2 - 15*n - 3. Suppose 8*c = 42 + 14. Let w(q) = c*k(q) - 2*a(q). List the prime factors of w(-7).
41
Let k = -11 - -14. Let p be (2 + (-9)/k)/((-5)/10). Suppose -7*c = -p*c - 365. List the prime factors of c.
73
Suppose -9 = -7*r + 6*r - 4*f, -5*f + 69 = -4*r. List the prime factors of 700 + -1 - (-11 - 99/r).
701
Let a(n) = 2*n**2 - 36*n + 5. Let u be a(18). Suppose 3*q = -u*m + 1371, m - 153 = 4*q + 135. Suppose m = 7*h + 5*h. What are the prime factors of h?
23
Let u be (446 - 25)*12/(-2). Let n = -1719 - u. What are the prime factors of n?
3, 269
Suppose 0 = 376*x - 362*x - 1298 + 38. What are the prime factors of x?
2, 3, 5
Let h = -562 - -2051. List the prime factors of h.
1489
Let d be 6*174/(-27)*2*3. Let h be 1*-1 + 0/(-6) - d. Suppose h = 5*z + 2*m - 4*m, -3*m = -6. What are the prime factors of z?
47
Let a(z) = z**3 + 5*z**2 - 3*z - 7. Let q be a(-5). List the prime factors of 12/q + (-9428)/(-8).
2, 5, 59
Let w(g) = g - 7*g - 17 - 114*g**2 + 22*g + 112*g**2. Let i be w(7). What are the prime factors of (-169)/(-3) + -1 + i/9?
5, 11
Suppose -2*l + 21 - 7 = 0. Suppose 0 = 5*n - l*n + 1240. What are the prime factors of n?
2, 5, 31
Let f be 3 + (-10)/2 + 5. Suppose w - 6 = f. List the prime factors of w/(-15) + 1 + (-1772)/(-20).
89
Suppose 0 = -1343*q + 1310*q + 68574. What are the prime factors of q?
2, 1039
Suppose 17*a = -15*a + 245536. List the prime factors of a.
7673
Let v be 1 - (-4)/(-8)*-4330. Let l = v + -1200. Suppose 3605 = 13*m + l. List the prime factors of m.
7, 29
Let n be (-9)/(-2)*(-8)/(-84)*7. Suppose n*f - 1270 = -5*q + 62, 0 = 4*f + 4. What are the prime factors of q?
3, 89
Suppose -2436 = -25*d + 1471 + 27118. What are the prime factors of d?
17, 73
Suppose -p - p = 0. Let n = 1152 - 1147. Suppose p = -n*m - m + 1206. What are the prime factors of m?
3, 67
Let p be 4 + 2 + (-7 - (2 - 7)). List the prime factors of 4/10 + p*(-218)/(-20).
2, 11
Let k be 8 + 8/12*1227. Let l = -157 + k. What are the prime factors of l?
3, 223
Let p = 5072 - -751. What are the prime factors of p?
3, 647
Suppose -3*j - 10*j + 65 = 0. Suppose x - j*s - 382 = 0, -15*s + 11*s = 4. List the prime factors of x.
13, 29
Suppose -7*x = 9*x - 74*x + 699770. What are the prime factors of x?
5, 19, 127
Suppose 75*t - 1046220 = -66*t. List the prime factors of t.
2, 5, 7, 53
Let g(w) = -w**3 - 15*w**2 - 192. Let h be g(-16). Let u = h - -96. List the prime factors of u.
2, 5
Suppose -r + 5*o = -17, -2*o - 22 = -2*r - 4*o. Let b(n) = -n**2 - 2*n - 20. Let j be b(r). What are the prime factors of 12/(3 - (-3 + j/(-32)))?
2, 3
Let v(s) = -s**3 + s**2 + s. Let l be v(-1). What are the prime factors of 356 + 1 + (l*-6)/2?
2, 3, 59
Suppose -4*j + 15 = 3*y, -3*j + 10*y - 10 = 8*y. Suppose j = -v - 5*w + 317, 3*v - 3*w = v + 634. List the prime factors of v.
317
Suppose 4*o = -4316 + 76404 + 45168. What are the prime factors of o?
2, 14657
Suppose 3*k = 2*z - z, 0 = 5*z - 3*k. Let a be (0 - -1 - z) + (-37 - -40). List the prime factors of 120 - (14/(-2) + a).
3, 41
What are the prime factors of (-2)/(-7) - ((-36)/(-252))/((-2)/230534)?
3, 11, 499
Let c = 26799 - 16611. What are the prime factors of (-19)/(114/c)*1/(-3)?
2, 283
Let h(k) = 145*k + 42. Let l be h(10). Suppose 4*o - l = -5*m, 3*o = -4*m + 7*o + 1208. What are the prime factors of m?
2, 3, 5
Let h(d) = 659*d**2 + 1078*d + 31. List the prime factors of h(-9).
2, 7, 223
Let p(b) = 16*b**3 - 2*b**2 + 3*b - 1. Let a be p(1). Suppose -a*r + 41*r = 2025. List the prime factors of r.
3
Let f = 168 - 144. Suppose 254 = 4*x - 62. List the prime factors of 12/f*(x - -1).
2, 5
Suppose -4*z - k + 3 = 0, 4*k = 2*z - 1 - 5. What are the prime factors of (-1 + z)/(-1) + 5880/20?
2, 3, 7
Suppose 12*c = 1188 - 4812. What are the prime factors of c/(-6 - -7)*-2?
2, 151
Let v(n) = -13*n**3 - n**2 - 2*n - 1. Let f be v(-1). Suppose f*c - 16*c - 3540 = -3*k, -k + 1195 = 2*c. List the prime factors of k.
3, 5, 79
Let k be 42/(-49)*(-28)/(-6). What are the prime factors of 4*k/(-72) - 17160/(-54)?
2, 3, 53
Suppose 0*z - z - l + 8 = 0, 3*l - 6 = 0. Suppose -21 - 27 = z*g. What are the prime factors of (-1398)/g - 45/(-36)?
2, 11
Let x = 290 - 285. Suppose -4*s + 1496 = 4*o, -s + 913 = x*o - 977. What are the prime factors of o?
379
Let z(i) = 164*i - 127. Let c be z(4). Suppose 0 = 5*h - c - 756. What are the prime factors of h?
257
Let g = -5784 + 9816. Suppose 17*w - 13*w = g. What are the prime factors of w?
2, 3, 7
Suppose -13*w + 112170 + 68323 = 50441. List the prime factors of w.
2, 41, 61
Let l(o) = o**3 + 27*o**2 + 61*o - 102. List the prime factors of l(-20).
2, 739
Suppose 59 = 5*u - 41. Suppose 0 = 5*h - 2*y - u, 0 = -h + 4*y + 4. Suppose -4 = -h*w + 320. List the prime factors of w.
3
Let j(m) = -35*m - 7. Let v be j(-5). Suppose -293 = -19*p - 122. Suppose p*s + 3*s = v. List the prime factors of s.
2, 7
Let b(v) = -v**2 + 30. Let m be b(-5). Suppose -m*q + 293 = -3*l - 3144, -4*q + 2*l = -2748. List the prime factors of q.
5, 137
What are the prime factors of 8*-2 - (-24311596)/356?
5, 2731
Suppose 5*m = -f + 6460, 12964 = 2*f - 317*m + 316*m. What are the prime factors of f?
2, 3, 5
Let j = 17 - 2. Let h be 9 - (-7 - -8 - 2). Suppose h*a = j*a - 210. List the prime factors of